tors of 1/(((-9)/a)/r)?
41
Let w = -345 - -803. Suppose 3*v = -w + 1592. What are the prime factors of 4/(-20) - v/(-15)?
5
Suppose w + 22 = 2. Let j be (0 - -1)/((-4)/w). Suppose -3*u = -4*t + 161, 5 = -0*u + j*u. List the prime factors of t.
41
Suppose 9*v - 10*v = -4*b - 862, -2*v - 2*b = -1774. List the prime factors of v.
2, 3, 7
List the prime factors of 1058 - 8/(16/(-10)) - -6.
1069
Let d = -618 - -1391. What are the prime factors of d?
773
Let r be (180/24)/((-6)/32). Let s = r - 7. Let i = -26 - s. List the prime factors of i.
3, 7
Let t(n) = 16*n + 5. Let b = -12 + 15. List the prime factors of t(b).
53
Let n(s) = 26*s - 24. Suppose -j + 12 = 2*t + 5, 5*j - 21 = 4*t. List the prime factors of n(j).
2, 53
Suppose -14*u - 2*u = -18640. List the prime factors of u.
5, 233
Let y = -590 - -957. List the prime factors of y.
367
List the prime factors of (368/(-48))/((-3)/450*2).
5, 23
Let z = 697 + 1049. List the prime factors of z.
2, 3, 97
Suppose 2*i - 154 = -0*k + 2*k, 0 = -5*k - 5. Let d = i - 46. List the prime factors of d.
2, 3, 5
What are the prime factors of (-3)/(3 + 2664/(-885))?
5, 59
Let k = -3 + -2. Let n = 8 + k. Suppose 4*j = -16, 7*b - n*b = -3*j + 168. What are the prime factors of b?
3, 5
Let p(y) = -y**2 - 3*y + 2. Let o(t) = -3*t**2 - 5*t + 4. Let q(s) = 2*o(s) - 5*p(s). Let r be q(4). What are the prime factors of (4 + -1)*r + -2?
2
List the prime factors of (-293636)/(-112) + 1*(-7)/4.
2, 5, 131
Let a(n) = n**2 + 3*n - 3. Let k be a(-2). Let o = k + 79. What are the prime factors of o?
2, 37
Let o be -4 + (2 + 0 - 0). Let k be 1/o + (-104)/16. Let n(y) = -y**3 - 5*y**2 + 9*y - 5. List the prime factors of n(k).
2, 3, 5
Let u be ((-15)/(-10))/((-3)/(-28)). Let y = u - 14. List the prime factors of 12/(-4) + y - -31.
2, 7
Suppose q - 3*r = -7*r + 226, -8 = -4*r. What are the prime factors of q?
2, 109
Let y = 1 + 2. Suppose l - 4*l = -y*i + 126, 5*i = l + 222. List the prime factors of i.
3, 5
Suppose 6*k - 2*k = 0. Suppose -5*b + 3*b + 2 = k. What are the prime factors of 2*10*b/4?
5
Let w(r) = r**3 + 8*r**2 + 2. Let l be w(-8). What are the prime factors of (-1)/(4/(-1352)*l)?
13
Let b be -2*((-3)/2 + 1). List the prime factors of (b - (12 + 2))*-5.
5, 13
Suppose -4*g + 760 = -892. List the prime factors of g.
7, 59
Let a = -10 - -20. Let m = 26 - a. What are the prime factors of 408/(-32)*m/(-6)?
2, 17
List the prime factors of 1 - 9/(108/(-12674))*6.
2, 3169
Let y(f) = -f - 4. Let b be y(-4). Suppose -4 + b = 2*n. List the prime factors of -2*-2*n/(-4).
2
Let r be 0 + 2 + 24 + 2. Suppose -3*y + 33 = -3*v, v - r = 5*y - 91. What are the prime factors of y?
13
Let l be -1*(-293 - 3) + 1. Suppose 2*v - 5*v + l = 0. List the prime factors of v.
3, 11
Let x(f) = f**2 - 8*f + 2. Let j be x(15). Suppose -5*a - s - 76 = -554, -a + j = 4*s. List the prime factors of a.
5, 19
Let r be ((-10)/5 - -1157)/(-1). List the prime factors of -1 + 5/((-25)/r).
2, 5, 23
Suppose 3666 = 6*o + 1212. What are the prime factors of o?
409
Suppose 0 = -l - 5*t + 2293, 4*t + 0*t - 11402 = -5*l. List the prime factors of l.
2, 17, 67
Let x(t) = 28*t + 10. What are the prime factors of x(13)?
2, 11, 17
Let n(w) = -3*w + 13. Let g be n(8). Let p = g + 14. What are the prime factors of p?
3
Let x = 1 + -6. What are the prime factors of (-25)/(-7 + 12)*16/x?
2
Suppose -4*k + 5566 = -2*x, -2758 = 8*k - 10*k - 4*x. What are the prime factors of k?
3, 463
Let g(n) be the third derivative of -n**6/120 - n**5/6 + 5*n**4/12 + 3*n**3/2 - n**2. Let s(w) = 4*w + 1. Let l be s(-3). What are the prime factors of g(l)?
2, 5
Let w(b) = b**3 + 2*b**2 + 2*b + 10. Let h be w(-3). Let o(v) = 2*v**3 + 10*v**2 - 2*v. What are the prime factors of o(h)?
2, 5
Let j(q) be the second derivative of q**5/2 - q**3/6 - 4*q. Let z be j(1). Suppose -5*a - 120 = -z*a. What are the prime factors of a?
2, 3, 5
Suppose v + 5*z - 304 = 0, 114 = -4*v - 3*z + 1398. What are the prime factors of v?
2, 3
Let y(f) = -213*f - 8. Let u be y(-4). Suppose -59*z + 55*z = -u. List the prime factors of z.
211
Let s be 6 - (2/7 - (-114)/42). Suppose 4*u - 3*h - 320 = 0, u = -s*h + 38 + 42. What are the prime factors of u?
2, 5
Let x(j) = -2*j + 15. Let l(f) = 4*f - 8. Let u be l(4). Let m be -6*20/u - -3. What are the prime factors of x(m)?
3, 13
Suppose 12*i + 837 = 21*i. What are the prime factors of i?
3, 31
Let h(p) = 98*p**2 - 2*p - 2. Let o be h(-1). Let d = -48 + o. List the prime factors of d.
2, 5
Let i(u) = -79*u + 313. List the prime factors of i(-9).
2
Let h(c) = -10*c + 5. Let d be h(-7). Let s = d + 27. What are the prime factors of s?
2, 3, 17
Let a = -40 - -28. Let z = 37 - a. What are the prime factors of z?
7
List the prime factors of (-1 - 1)/(72/(-1116)).
31
Let r be 6*27/24*12. Suppose 0 = -2*z + 5*z - r. What are the prime factors of (5/((-15)/z))/(-1)?
3
Let n(r) = -1123*r + 221. What are the prime factors of n(-2)?
2467
Let b(v) = 110*v**2 - 117*v**2 - 9 + 4 + v**3. What are the prime factors of b(8)?
59
Let o(v) = 5*v - 3. Let m be o(1). Suppose -m*n - 35 = -7*n. What are the prime factors of n?
7
Let t(a) = 5*a. Let w be t(2). Let z = w + -10. Suppose 2*p = -z*p + 4, p - 17 = -3*x. What are the prime factors of x?
5
Suppose -76 - 4 = -5*y. Suppose -5*u = 3*q - 2*q - 118, -4*u + y = 0. Suppose 5*c - 20 = -0*c, 0 = -2*n + 5*c + q. List the prime factors of n.
59
Let d(q) = -q**2 - 2*q + 26. Let v be d(0). Let c = -24 + v. Suppose 0 = -4*a - 4*p, 2 = -c*p - 4. List the prime factors of a.
3
List the prime factors of (42/(-12))/((-5)/580).
2, 7, 29
Suppose 5*n = 100 + 95. Let p = n - 18. What are the prime factors of p?
3, 7
Suppose -6 - 18 = -3*n. Suppose n*j + 8 = 248. What are the prime factors of j?
2, 3, 5
Suppose 230 = 2*g + 4*t, 0*g + 4*t = -3*g + 335. List the prime factors of g.
3, 5, 7
Let s = -6 - -8. Suppose -2*u - 126 = -4*k, 5*u + s = 3*k - 75. What are the prime factors of k?
2, 17
Let c(g) = 1. Let p(k) = -k**3 - 4*k**2 + 9*k + 3. Let n(m) = -5*c(m) - p(m). List the prime factors of n(-5).
2, 3
Let o(j) = -35*j + 1133. What are the prime factors of o(0)?
11, 103
Let u(r) = r + 8. Let g be u(-3). Let a = -2 + g. Suppose -a*s + 0 = -30. List the prime factors of s.
2, 5
Suppose 10*q - 5*q - 10 = 0. Suppose -q*m = 4*t - 22, -t = -5*m + 4*t + 130. Let k = -19 + m. List the prime factors of k.
2
Let a be (-24)/(-5)*2975/14. Suppose -l = -4*l - 2*p + a, 3*l + 5*p - 1011 = 0. Suppose -z = 5*z - l. What are the prime factors of z?
3, 19
Let u be 51/15 + 15/25. Let r be -4 + (6*u)/3. Suppose r*l = -41 + 125. What are the prime factors of l?
3, 7
Let r(p) = -3*p + 3*p**2 - 8 - p + 3*p - 2. What are the prime factors of r(-4)?
2, 3, 7
Let t be 2/1 + (-5)/(-5). Let o = t + 6. Let u = o + -1. List the prime factors of u.
2
Suppose t - 20 = -3*i - 4*t, i - 4*t + 16 = 0. Suppose 0*f + 5 = 4*x + f, i = 3*x - 2*f + 10. Let b = 25 + x. List the prime factors of b.
5
Let g(v) = v**3 + 4*v**2 - 6*v - 4. What are the prime factors of g(5)?
191
Let b = -24 - -16. Let c = 27 + -1. Let u = c + b. List the prime factors of u.
2, 3
Let b = -59 - -64. Suppose -b*s + 61 = -4*s. What are the prime factors of s?
61
Let k be 72/(-28)*(-14)/1. Suppose -4*b = -b - 9, 4*b = 5*j - 8. Suppose j*n + 9 = v, -18 - k = -3*v + 3*n. List the prime factors of v.
3, 7
Let o(i) = 44*i - 73. List the prime factors of o(12).
5, 7, 13
Let u = 2181 - 788. List the prime factors of u.
7, 199
Let f(d) = 117*d**2 + 9*d - 8. What are the prime factors of f(1)?
2, 59
Let a(m) = 19*m**3 - 1. Let q be -2 - (-2 + 0 + 3). Let i = -2 - q. What are the prime factors of a(i)?
2, 3
Let w = -22 + 27. Let z(p) = 10*p + 7. List the prime factors of z(w).
3, 19
Suppose 3*a = -2*a + 4*h + 353, 3*h + 64 = a. Let v be -2*1*(-217)/2. Suppose -5*w = -r + a, -2*w + v = 4*r + 35. List the prime factors of r.
2, 3
Let i be 18*(1 + (-11)/3). Let r be (i/36)/(2/87). List the prime factors of (-2 + r/4)*-2.
3, 11
Let m(n) = n**2 - 12*n + 6. Let y be m(10). Let q = 10 + y. List the prime factors of -2 - (-56 + q + 7).
3, 17
Suppose -r - n + 5 = 0, 0 = 3*n - 0*n. Suppose 4*c + 0*f = f, -4*f = -r*c. Suppose l - 28 = 3*s, c = -3*s - 9. What are the prime factors of l?
19
What are the prime factors of (471/785)/(1/5725)?
3, 5, 22